{"id":1571,"date":"2024-12-02T14:04:11","date_gmt":"2024-12-02T14:04:11","guid":{"rendered":"https:\/\/bnbsusanna.it\/?page_id=1571"},"modified":"2026-03-20T12:58:59","modified_gmt":"2026-03-20T11:58:59","slug":"reservierung","status":"publish","type":"page","link":"http:\/\/bnbsusanna.it\/?page_id=1571&lang=de","title":{"rendered":"JETZT BUCHEN"},"content":{"rendered":"<div style=\"text-align: justify;\">\n<p>Willkommen auf der Website des Bed &amp; Breakfast Susanna. Wir hoffen, dass Sie uns kennenlernen und bei uns \u00fcbernachten m\u00f6chten. Wir m\u00f6chten, dass Sie sich wie zu Hause f\u00fchlen \u2013 so wie es unsere bisherigen G\u00e4ste erlebt haben. Wenn Sie weitere Informationen w\u00fcnschen, k\u00f6nnen Sie uns gerne kontaktieren.<br \/>\nAnmerkung: Die Buchung des Zimmers beinhaltet das Fr\u00fchst\u00fcck und einen kostenlosen reservierten Parkplatz.<\/p>\n<\/div>\n<p><!-- Language Selector \u2013 Pills --><\/p>\n<nav aria-label=\"Language selector\" style=\"display:flex; justify-content:center; gap:.5rem; margin-top:10px;\">\n  <a href=\"https:\/\/bnbsusanna.it\/?page_id=1554&#038;lang=it\"\n     hreflang=\"it\" lang=\"it\"\n     style=\"display:inline-flex; align-items:center; gap:.5rem; padding:.4rem .8rem; border:1px solid #d1d5db; border-radius:999px; text-decoration:none; color:#111827; background:#fff; font:500 14px\/1.2 system-ui, -apple-system, Segoe UI, Roboto, Helvetica, Arial;\"><br \/>\n     \ud83c\uddee\ud83c\uddf9 <span>Italian<\/span><br \/>\n  <\/a><br \/>\n  <a href=\"https:\/\/bnbsusanna.it\/?page_id=1569&#038;lang=en\"\n     hreflang=\"en\" lang=\"en\"\n     style=\"display:inline-flex; align-items:center; gap:.5rem; padding:.4rem .8rem; border:1px solid #d1d5db; border-radius:999px; text-decoration:none; color:#111827; background:#fff; font:500 14px\/1.2 system-ui, -apple-system, Segoe UI, Roboto, Helvetica, Arial;\"><br \/>\n     \ud83c\uddec\ud83c\udde7 <span>English<\/span><br \/>\n  <\/a><br \/>\n<\/nav>\n<div style=\"text-align: center; margin: 20px 0;\">\n<div class=\"ibe\" data-region=\"emea\" data-channelcode=\"bbsusanna\" data-query-number_adults=\"2\" data-query-locale=\"de\" data-widget=\"embed\"><\/div>\n<\/div>\n<p style=\"text-align: center; margin-top: 20px;\">B&amp;B Susanna &#8211; via Pezze, 4 &#8211; 37010 Cavaion Veronese (Verona) &#8211; Tel: +39 3491058120<br \/>\nCIN: IT023023B4RMQULNU2 &#8211; CIR: 023023-BEB-00003<\/p>\n<p><script src=\"https:\/\/widget.siteminder.com\/ibe.min.js\"><\/script><\/p>\n","protected":false},"excerpt":{"rendered":"<p>Willkommen auf der Website des Bed &amp; Breakfast Susanna. Wir hoffen, dass Sie uns kennenlernen und bei uns \u00fcbernachten m\u00f6chten. [&hellip;]<\/p>\n","protected":false},"author":1,"featured_media":0,"parent":0,"menu_order":0,"comment_status":"closed","ping_status":"closed","template":"","meta":{"site-sidebar-layout":"default","site-content-layout":"","ast-site-content-layout":"default","site-content-style":"default","site-sidebar-style":"default","ast-global-header-display":"","ast-banner-title-visibility":"","ast-main-header-display":"","ast-hfb-above-header-display":"","ast-hfb-below-header-display":"","ast-hfb-mobile-header-display":"","site-post-title":"","ast-breadcrumbs-content":"","ast-featured-img":"","footer-sml-layout":"","ast-disable-related-posts":"","theme-transparent-header-meta":"default","adv-header-id-meta":"","stick-header-meta":"","header-above-stick-meta":"","header-main-stick-meta":"","header-below-stick-meta":"","astra-migrate-meta-layouts":"set","ast-page-background-enabled":"default","ast-page-background-meta":{"desktop":{"background-color":"var(--ast-global-color-4)","background-image":"","background-repeat":"repeat","background-position":"center center","background-size":"auto","background-attachment":"scroll","background-type":"","background-media":"","overlay-type":"","overlay-color":"","overlay-opacity":"","overlay-gradient":""},"tablet":{"background-color":"","background-image":"","background-repeat":"repeat","background-position":"center center","background-size":"auto","background-attachment":"scroll","background-type":"","background-media":"","overlay-type":"","overlay-color":"","overlay-opacity":"","overlay-gradient":""},"mobile":{"background-color":"","background-image":"","background-repeat":"repeat","background-position":"center center","background-size":"auto","background-attachment":"scroll","background-type":"","background-media":"","overlay-type":"","overlay-color":"","overlay-opacity":"","overlay-gradient":""}},"ast-content-background-meta":{"desktop":{"background-color":"var(--ast-global-color-5)","background-image":"","background-repeat":"repeat","background-position":"center center","background-size":"auto","background-attachment":"scroll","background-type":"","background-media":"","overlay-type":"","overlay-color":"","overlay-opacity":"","overlay-gradient":""},"tablet":{"background-color":"var(--ast-global-color-5)","background-image":"","background-repeat":"repeat","background-position":"center center","background-size":"auto","background-attachment":"scroll","background-type":"","background-media":"","overlay-type":"","overlay-color":"","overlay-opacity":"","overlay-gradient":""},"mobile":{"background-color":"var(--ast-global-color-5)","background-image":"","background-repeat":"repeat","background-position":"center center","background-size":"auto","background-attachment":"scroll","background-type":"","background-media":"","overlay-type":"","overlay-color":"","overlay-opacity":"","overlay-gradient":""}},"footnotes":""},"class_list":["post-1571","page","type-page","status-publish","hentry"],"_links":{"self":[{"href":"http:\/\/bnbsusanna.it\/index.php?rest_route=\/wp\/v2\/pages\/1571","targetHints":{"allow":["GET"]}}],"collection":[{"href":"http:\/\/bnbsusanna.it\/index.php?rest_route=\/wp\/v2\/pages"}],"about":[{"href":"http:\/\/bnbsusanna.it\/index.php?rest_route=\/wp\/v2\/types\/page"}],"author":[{"embeddable":true,"href":"http:\/\/bnbsusanna.it\/index.php?rest_route=\/wp\/v2\/users\/1"}],"replies":[{"embeddable":true,"href":"http:\/\/bnbsusanna.it\/index.php?rest_route=%2Fwp%2Fv2%2Fcomments&post=1571"}],"version-history":[{"count":12,"href":"http:\/\/bnbsusanna.it\/index.php?rest_route=\/wp\/v2\/pages\/1571\/revisions"}],"predecessor-version":[{"id":2162,"href":"http:\/\/bnbsusanna.it\/index.php?rest_route=\/wp\/v2\/pages\/1571\/revisions\/2162"}],"wp:attachment":[{"href":"http:\/\/bnbsusanna.it\/index.php?rest_route=%2Fwp%2Fv2%2Fmedia&parent=1571"}],"curies":[{"name":"wp","href":"https:\/\/api.w.org\/{rel}","templated":true}]}}